{"id":4440,"date":"2023-02-08T12:25:26","date_gmt":"2023-02-08T10:25:26","guid":{"rendered":"https:\/\/bula-v2024.provisoire.ch\/?page_id=4440"},"modified":"2023-10-23T15:26:07","modified_gmt":"2023-10-23T13:26:07","slug":"installation-audiovisuelle","status":"publish","type":"page","link":"https:\/\/bula-v2024.provisoire.ch\/en\/our-services-2\/audiovisual-installation\/","title":{"rendered":"Audiovisual installation"},"content":{"rendered":"<div class=\"wp-block-media-text alignwide has-media-on-the-right is-stacked-on-mobile is-vertically-aligned-center is-image-fill has-white-color has-text-color has-background\" style=\"background-color:#413c3c;grid-template-columns:auto 62%\"><div class=\"wp-block-media-text__content\">\n<p> Experts in the production and installation of global and complete audiovisual concepts, our company is aimed at individuals as well as professionals, schools and hotels.<\/p>\n<\/div><figure class=\"wp-block-media-text__media\" style=\"background-image:url(https:\/\/bula-v2024.provisoire.ch\/wp-content\/uploads\/2023\/05\/Devialet_Lifestyle_02_HD-1024x576.webp);background-position:45% 46%\"><img loading=\"lazy\" decoding=\"async\" width=\"1024\" height=\"576\" src=\"https:\/\/bula-v2024.provisoire.ch\/wp-content\/uploads\/2023\/05\/Devialet_Lifestyle_02_HD-1024x576.webp\" alt=\"\" class=\"wp-image-4876 size-full\" srcset=\"https:\/\/bula-v2024.provisoire.ch\/wp-content\/uploads\/2023\/05\/Devialet_Lifestyle_02_HD-1024x576.webp 1024w, https:\/\/bula-v2024.provisoire.ch\/wp-content\/uploads\/2023\/05\/Devialet_Lifestyle_02_HD-600x338.webp 600w, https:\/\/bula-v2024.provisoire.ch\/wp-content\/uploads\/2023\/05\/Devialet_Lifestyle_02_HD-300x169.webp 300w, https:\/\/bula-v2024.provisoire.ch\/wp-content\/uploads\/2023\/05\/Devialet_Lifestyle_02_HD-768x432.webp 768w, https:\/\/bula-v2024.provisoire.ch\/wp-content\/uploads\/2023\/05\/Devialet_Lifestyle_02_HD-1536x864.webp 1536w, https:\/\/bula-v2024.provisoire.ch\/wp-content\/uploads\/2023\/05\/Devialet_Lifestyle_02_HD-18x10.webp 18w, https:\/\/bula-v2024.provisoire.ch\/wp-content\/uploads\/2023\/05\/Devialet_Lifestyle_02_HD.webp 1600w\" sizes=\"(max-width: 1024px) 100vw, 1024px\" \/><\/figure><\/div>\n\n\n\n<div style=\"height:62px\" aria-hidden=\"true\" class=\"wp-block-spacer\"><\/div>\n\n\n\n<div class=\"wp-block-media-text alignwide is-stacked-on-mobile is-vertically-aligned-center is-image-fill has-text-color has-background\" style=\"color:#fabc0d;background-color:#413c3c;grid-template-columns:62% auto\"><figure class=\"wp-block-media-text__media\" style=\"background-image:url(https:\/\/bula-v2024.provisoire.ch\/wp-content\/uploads\/2022\/07\/spectral-ameno-amp27-1024x523.jpg);background-position:93% 40%\"><img loading=\"lazy\" decoding=\"async\" width=\"1024\" height=\"523\" src=\"https:\/\/bula-v2024.provisoire.ch\/wp-content\/uploads\/2022\/07\/spectral-ameno-amp27-1024x523.jpg\" alt=\"\" class=\"wp-image-3964 size-full\" srcset=\"https:\/\/bula-v2024.provisoire.ch\/wp-content\/uploads\/2022\/07\/spectral-ameno-amp27-1024x523.jpg 1024w, https:\/\/bula-v2024.provisoire.ch\/wp-content\/uploads\/2022\/07\/spectral-ameno-amp27-600x306.jpg 600w, https:\/\/bula-v2024.provisoire.ch\/wp-content\/uploads\/2022\/07\/spectral-ameno-amp27-300x153.jpg 300w, https:\/\/bula-v2024.provisoire.ch\/wp-content\/uploads\/2022\/07\/spectral-ameno-amp27-768x392.jpg 768w, https:\/\/bula-v2024.provisoire.ch\/wp-content\/uploads\/2022\/07\/spectral-ameno-amp27-1536x785.jpg 1536w, https:\/\/bula-v2024.provisoire.ch\/wp-content\/uploads\/2022\/07\/spectral-ameno-amp27.jpg 1860w\" sizes=\"(max-width: 1024px) 100vw, 1024px\" \/><\/figure><div class=\"wp-block-media-text__content\">\n<p class=\"has-text-align-right has-white-color has-text-color\" style=\"font-size:18px\">After examining the acoustics, wiring and electronics of your interior, we can determine for you the best way to transform your living space. <\/p>\n<\/div><\/div>\n\n\n\n<div style=\"height:62px\" aria-hidden=\"true\" class=\"wp-block-spacer\"><\/div>\n\n\n\n<div class=\"wp-block-media-text alignwide has-media-on-the-right is-stacked-on-mobile is-vertically-aligned-center is-image-fill has-text-color has-background\" style=\"color:#fabc0d;background-color:#413c3c;grid-template-columns:auto 62%\"><div class=\"wp-block-media-text__content\">\n<p class=\"has-text-align-left has-white-color has-text-color\" style=\"font-size:18px\">From speaker placement to optimize performance to device layout for modern design, we&#039;ll help you find the perfect combination.<\/p>\n<\/div><figure class=\"wp-block-media-text__media\" style=\"background-image:url(https:\/\/bula-v2024.provisoire.ch\/wp-content\/uploads\/2014\/03\/Salle-de-cinema-10-678x1024.jpg);background-position:50% 32%\"><img loading=\"lazy\" decoding=\"async\" width=\"678\" height=\"1024\" src=\"https:\/\/bula-v2024.provisoire.ch\/wp-content\/uploads\/2014\/03\/Salle-de-cinema-10-678x1024.jpg\" alt=\"\" class=\"wp-image-3719 size-full\" srcset=\"https:\/\/bula-v2024.provisoire.ch\/wp-content\/uploads\/2014\/03\/Salle-de-cinema-10-678x1024.jpg 678w, https:\/\/bula-v2024.provisoire.ch\/wp-content\/uploads\/2014\/03\/Salle-de-cinema-10-scaled-600x906.jpg 600w, https:\/\/bula-v2024.provisoire.ch\/wp-content\/uploads\/2014\/03\/Salle-de-cinema-10-199x300.jpg 199w, https:\/\/bula-v2024.provisoire.ch\/wp-content\/uploads\/2014\/03\/Salle-de-cinema-10-768x1160.jpg 768w, https:\/\/bula-v2024.provisoire.ch\/wp-content\/uploads\/2014\/03\/Salle-de-cinema-10-1017x1536.jpg 1017w, https:\/\/bula-v2024.provisoire.ch\/wp-content\/uploads\/2014\/03\/Salle-de-cinema-10-1356x2048.jpg 1356w, https:\/\/bula-v2024.provisoire.ch\/wp-content\/uploads\/2014\/03\/Salle-de-cinema-10-scaled.jpg 1696w\" sizes=\"(max-width: 678px) 100vw, 678px\" \/><\/figure><\/div>\n\n\n\n<div style=\"height:100px\" aria-hidden=\"true\" class=\"wp-block-spacer\"><\/div>\n\n\n\n<div class=\"wp-block-buttons is-content-justification-center is-layout-flex wp-container-core-buttons-is-layout-1 wp-block-buttons-is-layout-flex\"><\/div>","protected":false},"excerpt":{"rendered":"<p>Experts dans la r\u00e9alisation et l\u2019installation de concepts globaux et complets d\u2019audiovisuel, notre entreprise s\u2019adresse autant aux particuliers qu\u2019aux professionnels, aux \u00e9coles et aux \u00e9tablissements h\u00f4teliers. Apr\u00e8s examen de l\u2019acoustique, du c\u00e2blage et de l\u2019\u00e9lectronique de votre int\u00e9rieur, nous pourrons d\u00e9terminer pour vous la meilleure fa\u00e7on de transformer votre espace [&hellip;]<\/p>\n","protected":false},"author":5,"featured_media":2443,"parent":4450,"menu_order":0,"comment_status":"closed","ping_status":"closed","template":"","meta":{"_acf_changed":false,"_themeisle_gutenberg_block_has_review":false,"footnotes":""},"class_list":["post-4440","page","type-page","status-publish","has-post-thumbnail","hentry"],"acf":[],"_links":{"self":[{"href":"https:\/\/bula-v2024.provisoire.ch\/en\/wp-json\/wp\/v2\/pages\/4440"}],"collection":[{"href":"https:\/\/bula-v2024.provisoire.ch\/en\/wp-json\/wp\/v2\/pages"}],"about":[{"href":"https:\/\/bula-v2024.provisoire.ch\/en\/wp-json\/wp\/v2\/types\/page"}],"author":[{"embeddable":true,"href":"https:\/\/bula-v2024.provisoire.ch\/en\/wp-json\/wp\/v2\/users\/5"}],"replies":[{"embeddable":true,"href":"https:\/\/bula-v2024.provisoire.ch\/en\/wp-json\/wp\/v2\/comments?post=4440"}],"version-history":[{"count":17,"href":"https:\/\/bula-v2024.provisoire.ch\/en\/wp-json\/wp\/v2\/pages\/4440\/revisions"}],"predecessor-version":[{"id":5470,"href":"https:\/\/bula-v2024.provisoire.ch\/en\/wp-json\/wp\/v2\/pages\/4440\/revisions\/5470"}],"up":[{"embeddable":true,"href":"https:\/\/bula-v2024.provisoire.ch\/en\/wp-json\/wp\/v2\/pages\/4450"}],"wp:featuredmedia":[{"embeddable":true,"href":"https:\/\/bula-v2024.provisoire.ch\/en\/wp-json\/wp\/v2\/media\/2443"}],"wp:attachment":[{"href":"https:\/\/bula-v2024.provisoire.ch\/en\/wp-json\/wp\/v2\/media?parent=4440"}],"curies":[{"name":"wp","href":"https:\/\/api.w.org\/{rel}","templated":true}]}}

<p>Experts dans la réalisation et l’installation de concepts globaux et complets d’audiovisuel, notre entreprise s’adresse autant aux particuliers qu’aux professionnels, aux écoles et aux établissements hôteliers. Après examen de l’acoustique, du câblage et de l’électronique de votre intérieur, nous pourrons déterminer pour vous la meilleure façon de transformer votre espace [&hellip;]</p>
